{"id":20187,"date":"2025-09-05T09:20:07","date_gmt":"2025-09-05T07:20:07","guid":{"rendered":"https:\/\/www.monobjectifvelo.com\/?post_type=product&#038;p=20187"},"modified":"2025-09-05T09:22:40","modified_gmt":"2025-09-05T07:22:40","slug":"acces-365j-a-lapp-online","status":"publish","type":"product","link":"https:\/\/www.monobjectifvelo.com\/?product=acces-365j-a-lapp-online","title":{"rendered":"Acc\u00e8s 365j \u00e0 l&rsquo;App OnLine"},"content":{"rendered":"<p>Acc\u00e9dez pendant 365 jours \u00e0 l&rsquo;application OnLine pour participer aux s\u00e9ance coach\u00e9s en Liv, en VOD ou encore en Replay.<\/p>\n","protected":false},"excerpt":{"rendered":"<p>Acc\u00e9dez pendant 365 jours \u00e0 l&rsquo;application OnLine pour participer aux s\u00e9ance coach\u00e9s en Liv, en VOD ou encore en Replay.<\/p>\n","protected":false},"featured_media":20188,"template":"","meta":[],"pwb-brand":[],"product_brand":[],"product_cat":[380],"product_tag":[],"class_list":{"0":"post-20187","1":"product","2":"type-product","3":"status-publish","4":"has-post-thumbnail","6":"product_cat-apponline","8":"first","9":"instock","10":"sale","11":"virtual","12":"purchasable","13":"product-type-simple"},"brands":[],"_links":{"self":[{"href":"https:\/\/www.monobjectifvelo.com\/index.php?rest_route=\/wp\/v2\/product\/20187","targetHints":{"allow":["GET"]}}],"collection":[{"href":"https:\/\/www.monobjectifvelo.com\/index.php?rest_route=\/wp\/v2\/product"}],"about":[{"href":"https:\/\/www.monobjectifvelo.com\/index.php?rest_route=\/wp\/v2\/types\/product"}],"version-history":[{"count":0,"href":"https:\/\/www.monobjectifvelo.com\/index.php?rest_route=\/wp\/v2\/product\/20187\/revisions"}],"wp:featuredmedia":[{"embeddable":true,"href":"https:\/\/www.monobjectifvelo.com\/index.php?rest_route=\/wp\/v2\/media\/20188"}],"wp:attachment":[{"href":"https:\/\/www.monobjectifvelo.com\/index.php?rest_route=%2Fwp%2Fv2%2Fmedia&parent=20187"}],"wp:term":[{"taxonomy":"pwb-brand","embeddable":true,"href":"https:\/\/www.monobjectifvelo.com\/index.php?rest_route=%2Fwp%2Fv2%2Fpwb-brand&post=20187"},{"taxonomy":"product_brand","embeddable":true,"href":"https:\/\/www.monobjectifvelo.com\/index.php?rest_route=%2Fwp%2Fv2%2Fproduct_brand&post=20187"},{"taxonomy":"product_cat","embeddable":true,"href":"https:\/\/www.monobjectifvelo.com\/index.php?rest_route=%2Fwp%2Fv2%2Fproduct_cat&post=20187"},{"taxonomy":"product_tag","embeddable":true,"href":"https:\/\/www.monobjectifvelo.com\/index.php?rest_route=%2Fwp%2Fv2%2Fproduct_tag&post=20187"}],"curies":[{"name":"wp","href":"https:\/\/api.w.org\/{rel}","templated":true}]}}