{"id":16941,"date":"2022-09-04T14:37:29","date_gmt":"2022-09-04T12:37:29","guid":{"rendered":"https:\/\/www.monobjectifvelo.com\/?post_type=product&#038;p=16941"},"modified":"2025-02-21T16:32:49","modified_gmt":"2025-02-21T15:32:49","slug":"pass-studio-20-credits-studio","status":"publish","type":"product","link":"https:\/\/www.monobjectifvelo.com\/?product=pass-studio-20-credits-studio","title":{"rendered":"Pass Studio + 4 Cr\u00e9dits Studio"},"content":{"rendered":"<p>Cr\u00e9ation d&rsquo;un code Pass uniquement pour le Studio avec 4 cr\u00e9dits uniquement pour le studio valable dans les 365 jours suivants.<\/p>\n<p>Le Pass est un porte-feuille o\u00f9 l&rsquo;on met ses cr\u00e9dits.<\/p>\n","protected":false},"excerpt":{"rendered":"<p>Cr\u00e9ation d&rsquo;un code Pass uniquement pour le Studio avec 4 cr\u00e9dits uniquement pour le studio valable dans les 365 jours suivants. Le Pass est un porte-feuille o\u00f9 l&rsquo;on met ses cr\u00e9dits.<\/p>\n","protected":false},"featured_media":19856,"template":"","meta":[],"pwb-brand":[],"product_brand":[],"product_cat":[127],"product_tag":[],"class_list":{"0":"post-16941","1":"product","2":"type-product","3":"status-publish","4":"has-post-thumbnail","6":"product_cat-credits-studio","7":"bapap-booking-pass","9":"first","10":"instock","11":"featured","12":"virtual","13":"purchasable","14":"product-type-simple"},"brands":[],"_links":{"self":[{"href":"https:\/\/www.monobjectifvelo.com\/index.php?rest_route=\/wp\/v2\/product\/16941","targetHints":{"allow":["GET"]}}],"collection":[{"href":"https:\/\/www.monobjectifvelo.com\/index.php?rest_route=\/wp\/v2\/product"}],"about":[{"href":"https:\/\/www.monobjectifvelo.com\/index.php?rest_route=\/wp\/v2\/types\/product"}],"version-history":[{"count":1,"href":"https:\/\/www.monobjectifvelo.com\/index.php?rest_route=\/wp\/v2\/product\/16941\/revisions"}],"predecessor-version":[{"id":19855,"href":"https:\/\/www.monobjectifvelo.com\/index.php?rest_route=\/wp\/v2\/product\/16941\/revisions\/19855"}],"wp:featuredmedia":[{"embeddable":true,"href":"https:\/\/www.monobjectifvelo.com\/index.php?rest_route=\/wp\/v2\/media\/19856"}],"wp:attachment":[{"href":"https:\/\/www.monobjectifvelo.com\/index.php?rest_route=%2Fwp%2Fv2%2Fmedia&parent=16941"}],"wp:term":[{"taxonomy":"pwb-brand","embeddable":true,"href":"https:\/\/www.monobjectifvelo.com\/index.php?rest_route=%2Fwp%2Fv2%2Fpwb-brand&post=16941"},{"taxonomy":"product_brand","embeddable":true,"href":"https:\/\/www.monobjectifvelo.com\/index.php?rest_route=%2Fwp%2Fv2%2Fproduct_brand&post=16941"},{"taxonomy":"product_cat","embeddable":true,"href":"https:\/\/www.monobjectifvelo.com\/index.php?rest_route=%2Fwp%2Fv2%2Fproduct_cat&post=16941"},{"taxonomy":"product_tag","embeddable":true,"href":"https:\/\/www.monobjectifvelo.com\/index.php?rest_route=%2Fwp%2Fv2%2Fproduct_tag&post=16941"}],"curies":[{"name":"wp","href":"https:\/\/api.w.org\/{rel}","templated":true}]}}