{"id":25,"date":"2024-08-27T19:40:33","date_gmt":"2024-08-27T19:40:33","guid":{"rendered":"https:\/\/www.monobjectifvelo.com\/home-page-1\/"},"modified":"2025-12-23T20:40:05","modified_gmt":"2025-12-23T19:40:05","slug":"home-page-1","status":"publish","type":"page","link":"https:\/\/www.monobjectifvelo.com\/","title":{"rendered":"Home"},"content":{"rendered":"\t\t<div data-elementor-type=\"wp-page\" data-elementor-id=\"25\" class=\"elementor elementor-25\">\n\t\t\t\t\t\t<section class=\"elementor-section elementor-top-section elementor-element elementor-element-9ea79cb elementor-section-boxed elementor-section-height-default elementor-section-height-default\" data-id=\"9ea79cb\" data-element_type=\"section\" data-e-type=\"section\">\n\t\t\t\t\t\t<div class=\"elementor-container elementor-column-gap-default\">\n\t\t\t\t\t<div class=\"elementor-column elementor-col-100 elementor-top-column elementor-element elementor-element-cdcc21f\" data-id=\"cdcc21f\" data-element_type=\"column\" data-e-type=\"column\">\n\t\t\t<div class=\"elementor-widget-wrap elementor-element-populated\">\n\t\t\t\t\t\t<div class=\"elementor-element elementor-element-7a27250 elementor-widget elementor-widget-shortcode\" data-id=\"7a27250\" data-element_type=\"widget\" data-e-type=\"widget\" data-widget_type=\"shortcode.default\">\n\t\t\t\t<div class=\"elementor-widget-container\">\n\t\t\t\t\t\t\t<div class=\"elementor-shortcode\"><H2>Le programme en cours<\/h2><\/div>\n\t\t\t\t\t\t<\/div>\n\t\t\t\t<\/div>\n\t\t\t\t<div class=\"elementor-element elementor-element-7caa7d4 elementor-widget elementor-widget-image\" data-id=\"7caa7d4\" data-element_type=\"widget\" data-e-type=\"widget\" data-widget_type=\"image.default\">\n\t\t\t\t<div class=\"elementor-widget-container\">\n\t\t\t\t\t\t\t\t\t\t\t\t\t\t\t<img fetchpriority=\"high\" decoding=\"async\" width=\"820\" height=\"312\" src=\"https:\/\/www.monobjectifvelo.com\/wp-content\/uploads\/2025\/12\/251223_fond_OBJ-MARS.png\" class=\"attachment-large size-large wp-image-20617\" alt=\"\" srcset=\"https:\/\/www.monobjectifvelo.com\/wp-content\/uploads\/2025\/12\/251223_fond_OBJ-MARS.png 820w, https:\/\/www.monobjectifvelo.com\/wp-content\/uploads\/2025\/12\/251223_fond_OBJ-MARS-300x114.png 300w, https:\/\/www.monobjectifvelo.com\/wp-content\/uploads\/2025\/12\/251223_fond_OBJ-MARS-768x292.png 768w, https:\/\/www.monobjectifvelo.com\/wp-content\/uploads\/2025\/12\/251223_fond_OBJ-MARS-600x228.png 600w\" sizes=\"(max-width: 820px) 100vw, 820px\" \/>\t\t\t\t\t\t\t\t\t\t\t\t\t\t\t<\/div>\n\t\t\t\t<\/div>\n\t\t\t\t<div class=\"elementor-element elementor-element-e689d60 elementor-widget elementor-widget-shortcode\" data-id=\"e689d60\" data-element_type=\"widget\" data-e-type=\"widget\" data-widget_type=\"shortcode.default\">\n\t\t\t\t<div class=\"elementor-widget-container\">\n\t\t\t\t\t\t\t<div class=\"elementor-shortcode\"><h2>Une conf\u00e9rence pour vos sportifs<\/h2><\/div>\n\t\t\t\t\t\t<\/div>\n\t\t\t\t<\/div>\n\t\t\t\t<div class=\"elementor-element elementor-element-31430c6 elementor-widget__width-initial elementor-widget elementor-widget-image\" data-id=\"31430c6\" data-element_type=\"widget\" data-e-type=\"widget\" data-widget_type=\"image.default\">\n\t\t\t\t<div class=\"elementor-widget-container\">\n\t\t\t\t\t\t\t\t\t\t\t\t\t\t\t\t<a href=\"https:\/\/www.monobjectifvelo.com\/produit\/conference-reussir-ta-saison-sportive\">\n\t\t\t\t\t\t\t<img decoding=\"async\" width=\"1024\" height=\"576\" src=\"https:\/\/www.monobjectifvelo.com\/wp-content\/uploads\/2025\/06\/CONFERENCE-REUSSIR-TA-SAISON-1024x576.png\" class=\"elementor-animation-pop attachment-large size-large wp-image-20030\" alt=\"\" srcset=\"https:\/\/www.monobjectifvelo.com\/wp-content\/uploads\/2025\/06\/CONFERENCE-REUSSIR-TA-SAISON-1024x576.png 1024w, https:\/\/www.monobjectifvelo.com\/wp-content\/uploads\/2025\/06\/CONFERENCE-REUSSIR-TA-SAISON-600x338.png 600w, https:\/\/www.monobjectifvelo.com\/wp-content\/uploads\/2025\/06\/CONFERENCE-REUSSIR-TA-SAISON-300x169.png 300w, https:\/\/www.monobjectifvelo.com\/wp-content\/uploads\/2025\/06\/CONFERENCE-REUSSIR-TA-SAISON-768x432.png 768w, https:\/\/www.monobjectifvelo.com\/wp-content\/uploads\/2025\/06\/CONFERENCE-REUSSIR-TA-SAISON.png 1280w\" sizes=\"(max-width: 1024px) 100vw, 1024px\" \/>\t\t\t\t\t\t\t\t<\/a>\n\t\t\t\t\t\t\t\t\t\t\t\t\t\t\t<\/div>\n\t\t\t\t<\/div>\n\t\t\t\t<div class=\"elementor-element elementor-element-c5571b2 elementor-widget elementor-widget-shortcode\" data-id=\"c5571b2\" data-element_type=\"widget\" data-e-type=\"widget\" data-widget_type=\"shortcode.default\">\n\t\t\t\t<div class=\"elementor-widget-container\">\n\t\t\t\t\t\t\t<div class=\"elementor-shortcode\"><h2>Les Derni\u00e8res News<\/h2>\n\n<div class=\"mov-blog-grid\"><article class=\"mov-post-card\"><div class=\"post-content\"><h3><a href=\"https:\/\/www.monobjectifvelo.com\/?p=21178\">formulaire<\/a><\/h3><p>[scf_formulaire]<\/p><a href=\"https:\/\/www.monobjectifvelo.com\/?p=21178\" class=\"read-more\">Lire la suite &rarr;<\/a><\/div><\/article><article class=\"mov-post-card\"><a href=\"https:\/\/www.monobjectifvelo.com\/?p=20621\" class=\"post-img-link\"><div class=\"post-img\" style=\"background-image: url(https:\/\/www.monobjectifvelo.com\/wp-content\/uploads\/2025\/12\/251223_fond_OBJ-MARS-768x292.png);\"><\/div><\/a><div class=\"post-content\"><h3><a href=\"https:\/\/www.monobjectifvelo.com\/?p=20621\">On passe \u00e0 Objectif Mars 26 !<\/a><\/h3><p>Apr\u00e8s le superbe programme Winter Sessions 2025 qui a apport\u00e9 une belle progression en capacit\u00e9 a\u00e9robie, on passe \u00e0 objectif mars ! Un programme qui va continuer de d\u00e9velopper la capacit\u00e9 a\u00e9robie, et surtout qui va d\u00e9velopper la puissance a\u00e9robie. Une s\u00e9ance plut\u00f4t typ\u00e9e Zone 3-4 le mardi et une s\u00e9ance plut\u00f4t typ\u00e9e Zone 5-6 [&hellip;]<\/p><a href=\"https:\/\/www.monobjectifvelo.com\/?p=20621\" class=\"read-more\">Lire la suite &rarr;<\/a><\/div><\/article><article class=\"mov-post-card\"><a href=\"https:\/\/www.monobjectifvelo.com\/?p=20572\" class=\"post-img-link\"><div class=\"post-img\" style=\"background-image: url(https:\/\/www.monobjectifvelo.com\/wp-content\/uploads\/2024\/08\/240804_fond-tips-768x292.png);\"><\/div><\/a><div class=\"post-content\"><h3><a href=\"https:\/\/www.monobjectifvelo.com\/?p=20572\">Les composants de l&rsquo;entra\u00eenement<\/a><\/h3><p>R\u00e9viser les 5 composants d&rsquo;un entra\u00eenement avec cette vid\u00e9o de 2016, restez indulgent &#x1f923; Si cette vid\u00e9o vous a plu, dites le moi, je peux en remettre d&rsquo;autres.<\/p><a href=\"https:\/\/www.monobjectifvelo.com\/?p=20572\" class=\"read-more\">Lire la suite &rarr;<\/a><\/div><\/article><\/div><div style=\"text-align: center; margin-top: 40px;\"><a href=\"\/blog\/\" class=\"btn\">Voir les autres articles<\/a><\/div><\/div>\n\t\t\t\t\t\t<\/div>\n\t\t\t\t<\/div>\n\t\t\t\t\t<\/div>\n\t\t<\/div>\n\t\t\t\t\t<\/div>\n\t\t<\/section>\n\t\t\t\t<section class=\"elementor-section elementor-top-section elementor-element elementor-element-b845333 elementor-section-boxed elementor-section-height-default elementor-section-height-default\" data-id=\"b845333\" data-element_type=\"section\" data-e-type=\"section\">\n\t\t\t\t\t\t<div class=\"elementor-container elementor-column-gap-default\">\n\t\t\t\t\t<div class=\"elementor-column elementor-col-100 elementor-top-column elementor-element elementor-element-485aa9b\" data-id=\"485aa9b\" data-element_type=\"column\" data-e-type=\"column\">\n\t\t\t<div class=\"elementor-widget-wrap\">\n\t\t\t\t\t\t\t<\/div>\n\t\t<\/div>\n\t\t\t\t\t<\/div>\n\t\t<\/section>\n\t\t\t\t<section class=\"elementor-section elementor-top-section elementor-element elementor-element-87f2de4 elementor-section-boxed elementor-section-height-default elementor-section-height-default\" data-id=\"87f2de4\" data-element_type=\"section\" data-e-type=\"section\">\n\t\t\t\t\t\t<div class=\"elementor-container elementor-column-gap-default\">\n\t\t\t\t\t<div class=\"elementor-column elementor-col-100 elementor-top-column elementor-element elementor-element-b5436ef\" data-id=\"b5436ef\" data-element_type=\"column\" data-e-type=\"column\">\n\t\t\t<div class=\"elementor-widget-wrap\">\n\t\t\t\t\t\t\t<\/div>\n\t\t<\/div>\n\t\t\t\t\t<\/div>\n\t\t<\/section>\n\t\t\t\t<\/div>\n\t\t","protected":false},"excerpt":{"rendered":"<p>Le programme en cours Une conf\u00e9rence pour vos sportifs Les Derni\u00e8res News<\/p>\n","protected":false},"author":85,"featured_media":0,"parent":0,"menu_order":100,"comment_status":"closed","ping_status":"closed","template":"","meta":{"footnotes":""},"class_list":["post-25","page","type-page","status-publish","hentry"],"_links":{"self":[{"href":"https:\/\/www.monobjectifvelo.com\/index.php?rest_route=\/wp\/v2\/pages\/25","targetHints":{"allow":["GET"]}}],"collection":[{"href":"https:\/\/www.monobjectifvelo.com\/index.php?rest_route=\/wp\/v2\/pages"}],"about":[{"href":"https:\/\/www.monobjectifvelo.com\/index.php?rest_route=\/wp\/v2\/types\/page"}],"author":[{"embeddable":true,"href":"https:\/\/www.monobjectifvelo.com\/index.php?rest_route=\/wp\/v2\/users\/85"}],"replies":[{"embeddable":true,"href":"https:\/\/www.monobjectifvelo.com\/index.php?rest_route=%2Fwp%2Fv2%2Fcomments&post=25"}],"version-history":[{"count":41,"href":"https:\/\/www.monobjectifvelo.com\/index.php?rest_route=\/wp\/v2\/pages\/25\/revisions"}],"predecessor-version":[{"id":20620,"href":"https:\/\/www.monobjectifvelo.com\/index.php?rest_route=\/wp\/v2\/pages\/25\/revisions\/20620"}],"wp:attachment":[{"href":"https:\/\/www.monobjectifvelo.com\/index.php?rest_route=%2Fwp%2Fv2%2Fmedia&parent=25"}],"curies":[{"name":"wp","href":"https:\/\/api.w.org\/{rel}","templated":true}]}}