{"id":14091,"date":"2020-08-31T09:00:50","date_gmt":"2020-08-31T07:00:50","guid":{"rendered":"https:\/\/www.monobjectifvelo.com\/espace-client\/accueil\/"},"modified":"2025-12-08T17:29:33","modified_gmt":"2025-12-08T16:29:33","slug":"accueil","status":"publish","type":"page","link":"https:\/\/www.monobjectifvelo.com\/?page_id=14091","title":{"rendered":"Accueil"},"content":{"rendered":"\n\n\n<p>Espace de r\u00e9servations de s\u00e9ances en <strong>Studio<\/strong>. Pour vous inscrire, vous devez :<\/p>\n\n\n\n<ul class=\"wp-block-list\">\n<li>poss\u00e9der un Pass&rsquo; Studio pour le&#8230; studio.<\/li>\n\n\n\n<li>et avoir des cr\u00e9dits dans le Pass&rsquo; concern\u00e9.<\/li>\n<\/ul>\n\n\n\n<p>Enfin, pour <strong>valider votre inscription \u00e0 une s\u00e9ance<\/strong>, il vous suffira de cliquer sur la ou les s\u00e9ances. Vous pourrez ainsi utiliser votre Pass&rsquo; qui s&rsquo;affichera automatiquement. Il se peut qu&rsquo;on vous offre un Pass&rsquo; avec des cr\u00e9dits. Il faudra alors utiliser le code fourni.<\/p>\n\n\n\n<p>Vous trouverez le Pass&rsquo; et tous les cr\u00e9dits dans la <a href=\"https:\/\/www.monobjectifvelo.com\/shop\/\">boutique<\/a>. En cas de probl\u00e8me, contactez moi \ud83d\ude09<\/p>\n\n\n\n<p><\/p>\n\n\n\n\n\n\n<p><mark style=\"background-color:#f4ca49\" class=\"has-inline-color\">!!! C&rsquo;est possible qu&rsquo;une s\u00e9ance soit annul\u00e9e. Le studio sera ouvert que s&rsquo;il y a des inscriptions avant 16h.<\/mark><\/p>\n\n\n\t\t<form id=\"bookacti-form-1-66319008\" class=\"bookacti-booking-form bookacti-booking-form-1 \" autocomplete=\"off\" >\n\t\t\t\t<input type='hidden' name='form_id' value='1'\/>\n\t\t\t<input type='hidden' name='action' value='bookactiSubmitBookingForm'\/>\n\t\t\t\t<input type='hidden' data-name='price' value='' \/>\n\t\t\t<input type='hidden' data-name='credits' value='' \/>\n\t\t<div class='bookacti-form-field-container bookacti-form-field-name-free_text bookacti-form-field-type-free_text bookacti-form-field-id-5' id='bookacti-form-field-free_text-5-form-1-66319008' data-field-name=\"free_text\" data-field-type=\"free_text\" data-field-id=\"5\">\n\t\t\t<div class='bookacti-form-field-content' >\n\t\t\t<div id='bookacti-form-field-free_text-5-form-1-66319008' class='bookacti-form-free-text ' >\r\n\t<p>Choisissez et r\u00e9servez votre s\u00e9ance<\/p>\n\t<\/div>\r\n\t\t\t<\/div>\n\t<\/div>\n\t<div class='bookacti-form-field-container bookacti-form-field-name-calendar bookacti-form-field-type-calendar bookacti-form-field-id-1' id='bookacti-form-field-calendar-1-form-1-66319008' data-field-name=\"calendar\" data-field-type=\"calendar\" data-field-id=\"1\">\n\t\t\t<div class='bookacti-form-field-content' >\n\t\t\n\t<div class='bookacti-booking-system-container' id='bookacti-booking-system-form-1-66319008-container'>\n\t\t<script>\n\t\t\t\/\/ Compatibility with Optimization plugins\n\t\t\tif( typeof bookacti === 'undefined' ) { var bookacti = { booking_system:[] }; }\n\t\t\tbookacti.booking_system[ 'bookacti-booking-system-form-1-66319008' ] = {\"events\":[],\"events_data\":[],\"events_interval\":{\"start\":\"2026-04-24 04:05:26\",\"end\":\"2026-04-24 04:05:26\"},\"events_min_interval\":[],\"bookings\":[],\"groups_bookings\":[],\"booking_lists\":[],\"activities_data\":[],\"groups_events\":[],\"groups_data\":[],\"group_categories_data\":[],\"no_events\":0,\"id\":\"bookacti-booking-system-form-1-66319008\",\"class\":\"\",\"hide_availability\":100,\"hide_calendar\":[\"none\"],\"calendars\":[1],\"activities\":[9,11,1,10],\"group_categories\":[\"none\"],\"groups_only\":0,\"groups_single_events\":0,\"groups_first_event_only\":0,\"multiple_bookings\":1,\"bookings_only\":0,\"tooltip_booking_list\":0,\"tooltip_booking_list_columns\":[],\"status\":[],\"user_id\":[],\"method\":\"calendar\",\"auto_load\":0,\"display_period\":{\"start\":\"2026-04-24 04:05:26\",\"end\":\"\"},\"availability_period\":{\"start\":\"2026-04-24 04:05:26\",\"end\":\"\"},\"start\":\"2026-04-24 04:05:26\",\"end\":\"\",\"trim\":1,\"out_of_period_events\":0,\"past_events\":0,\"past_events_bookable\":0,\"use_global_days_off\":0,\"days_off\":[],\"check_roles\":1,\"picked_events\":[],\"form_id\":1,\"form_action\":\"default\",\"when_perform_form_action\":\"on_submit\",\"select_first_event\":0,\"redirect_url_by_activity\":[],\"redirect_url_by_group_category\":[],\"display_data\":{\"slotMinTime\":\"06:00\",\"slotMaxTime\":\"22:00\"},\"context\":\"\",\"custom_dataset\":\"\",\"hide_events_price\":0,\"product_by_activity\":[],\"product_by_group_category\":[],\"products_page_url\":[]};\n\t\t<\/script>\n\t\t\t\t\n\t\t<div class='bookacti-booking-system-inputs'>\n\t\t\t\t\t<\/div>\n\t\t\n\t\t\t\t\n\t\t<div id='bookacti-booking-system-form-1-66319008' class='bookacti-booking-system '>\n\t\t\t\t\t<div class='bookacti-calendar-title bookacti-booking-system-title '>\n\t\t\tChoisissez un \u00e9v\u00e8nement sur le calendrier\u00a0:\t\t<\/div>\n\t\t<div class='bookacti-calendar '><\/div>\n\t\t\t<\/div>\n\t\t\n\t\t\t\t\n\t\t<div class='bookacti-picked-events' style='display:none;'>\n\t\t\t<div class='bookacti-picked-events-list-title'><\/div>\n\t\t\t<ul class='bookacti-picked-events-list bookacti-custom-scrollbar'>\n\t\t\t\t\t\t\t<\/ul>\n\t\t<\/div>\n\t\t\n\t\t<div class='bookacti-notices' style='display:none;'>\n\t\t\t\t\t<\/div>\n\t\t\n\t\t<div class='bookacti-tooltips-container'>\n\t\t\t\t\t<\/div>\n\t\t\n\t\t\t<\/div>\n\t<div id='bookacti-booking-system-form-1-66319008-dialogs' class='bookacti-booking-system-dialogs'>\n\t\t\t<!-- Choose a group of events -->\n\t<div id='bookacti-booking-system-form-1-66319008-choose-group-of-events-dialog' \n\t\t data-booking-system-id='bookacti-booking-system-form-1-66319008' \n\t\t class='bookacti-backend-dialog bookacti-choose-group-of-events-dialog bookacti-booking-system-dialog' \n\t\t title='Cet \u00e9v\u00e8nement est disponible dans plusieurs groupes' \n\t\t style='display:none;' >\n\t\tQuel groupe d&#039;\u00e9v\u00e8nements voulez-vous s\u00e9lectionner&nbsp;?\t\t<div id='bookacti-booking-system-form-1-66319008-groups-of-events-list' class='bookacti-groups-of-events-list' ><\/div>\n\t<\/div>\n\n\t\t<\/div>\n\t\t\t<\/div>\n\t<\/div>\n\t<div class='bookacti-form-field-container bookacti-form-field-name-login bookacti-form-field-type-login bookacti-form-field-id-2 bookacti-has-login-button bookacti-user-is-not-logged-in' id='bookacti-form-field-login-2-form-1-66319008' data-field-name=\"login\" data-field-type=\"login\" data-field-id=\"2\">\r\n\t\t\t\t<div class='bookacti-form-field-login-field-container bookacti-login-field-login-type bookacti-custom-radio-button-container ' data-field-name='login_type'>\r\n\t\t\t\t\t\t<div class='bookacti-login-type-container bookacti-custom-radio-button bookacti-login-type-my_account' data-separator='ou'>\r\n\t\t\t\t\t<input type='radio' name='login_type' value='my_account' id='bookacti-form-1-66319008-login-type-my_account' required  checked='checked'\/>\r\n\t\t\t\t\t<label for='bookacti-form-1-66319008-login-type-my_account' \r\n\t\t\t\t\t\t   \r\n\t\t\t\t\t>\r\n\t\t\t\t\tSe connecter\t\t\t\t\t<\/label>\r\n\t\t\t\t<\/div>\r\n\t\t\t\t\t\t\t\t<div class='bookacti-login-type-container bookacti-custom-radio-button bookacti-login-type-new_account' data-separator='ou'>\r\n\t\t\t\t\t<input type='radio' name='login_type' value='new_account' id='bookacti-form-1-66319008-login-type-new_account' required \/>\r\n\t\t\t\t\t<label for='bookacti-form-1-66319008-login-type-new_account' \r\n\t\t\t\t\t\t   \r\n\t\t\t\t\t>\r\n\t\t\t\t\tCr\u00e9er un compte\t\t\t\t\t<\/label>\r\n\t\t\t\t<\/div>\r\n\t\t\t\t\t\t\t<\/div>\r\n\t\t\t\t<div class='bookacti-user-data-fields'>\r\n\t\t\t<div class='bookacti-log-in-fields'>\r\n\t\t\t\t\t\t\t\t<div class='bookacti-form-field-login-field-container bookacti-login-field-email' id='bookacti-form-field-login-2-form-1-66319008-email-container' data-field-name='email' data-field-type='email'>\r\n\t\t\t\t\t<div class='bookacti-form-field-label' >\r\n\t\t\t\t\t\t<label for='bookacti-form-field-login-2-form-1-66319008-email' >\r\n\t\t\t\t\t\t\tE-mail\t\t\t\t\t\t\t<span class='bookacti-required-field-indicator' title='Champ obligatoire'><\/span>\r\n\t\t\t\t\t\t<\/label>\r\n\t\t\t\t\t\t\t\t\t\t<\/div>\r\n\t\t\t\t\t<div class='bookacti-form-field-content' >\r\n\t\t\t\t\t\t\t<input type='text' \r\n\t\t\t\tname='email' \r\n\t\t\t\tvalue='' \r\n\t\t\t\tautocomplete='off'\r\n\t\t\t\tid='bookacti-form-field-login-2-form-1-66319008-email' \r\n\t\t\t\tclass='bookacti-input bookacti-form-field bookacti-email bookacti-required-field' \r\n\t\t\t\t\t\t\tplaceholder='' \r\n\t\t\t required\t\t\/>\r\n\t\t\t\t\t\t<\/div>\r\n\t\t\t\t\t\t\t\t\t<\/div>\r\n\t\t\t\t<div class='bookacti-form-field-login-field-container bookacti-login-field-password ' id='bookacti-form-field-login-2-form-1-66319008-password-container' data-field-name='password' data-field-type='password'>\r\n\t\t\t\t\t<div class='bookacti-form-field-label' >\r\n\t\t\t\t\t\t<label for='bookacti-form-field-login-2-form-1-66319008-password' >\r\n\t\t\t\t\t\t\tMot de passe\t\t\t\t\t\t\t<span class='bookacti-required-field-indicator' title='Champ obligatoire'><\/span>\r\n\t\t\t\t\t\t<\/label>\r\n\t\t\t\t\t\t\t\t\t\t<\/div>\r\n\t\t\t\t\t<div class='bookacti-form-field-content' >\r\n\t\t\t\t\t\t\t<input type='password' \r\n\t\t\t\tname='password' \r\n\t\t\t\tvalue='' \r\n\t\t\t\tautocomplete='off'\r\n\t\t\t\tid='bookacti-form-field-login-2-form-1-66319008-password' \r\n\t\t\t\tclass='bookacti-input bookacti-form-field bookacti-password bookacti-required-field' \r\n\t\t\t\t\t\t\tplaceholder='' \r\n\t\t\t required\t\t\/>\r\n\t\t\t\t\t\t\t\t<div class='bookacti-password-strength' style='display:none;'>\r\n\t\t\t\t\t\t\t\t<span class='bookacti-password-strength-meter'><\/span>\r\n\t\t\t\t\t\t\t\t<input type='hidden' name='password_strength' class='bookacti-password_strength' value='0' min='4' \/>\r\n\t\t\t\t\t\t\t<\/div>\r\n\t\t\t\t\t\t\t\t\t\t\t\t\t\t<div class='bookacti-forgotten-password' >\r\n\t\t\t\t\t\t\t\t<a href='#' class='bookacti-forgotten-password-link' data-field-id='bookacti-form-field-login-2-form-1-66319008'>Mot de passe oubli\u00e9\u00a0?<\/a>\r\n\t\t\t\t\t\t\t\t\t\t\t\t\t\t<\/div>\r\n\t\t\t\t\t\t\t\t\t\t\t\t\t\t<div data-field-id='bookacti-form-field-login-2-form-1-66319008' class='bookacti-backend-dialog bookacti-forgotten-password-dialog bookacti-form-dialog' title='Mot de passe oubli\u00e9' style='display:none;'>\r\n\t\t\t\t\t\t\t\t<div class='bookacti-forgotten-password-dialog-description' >\r\n\t\t\t\t\t\t\t\t\t<p>\r\n\t\t\t\t\t\t\t\t\tVeuillez saisir votre adresse de messagerie. Vous recevrez un lien pour cr\u00e9er un nouveau mot de passe par e-mail.\t\t\t\t\t\t\t\t\t<\/p>\r\n\t\t\t\t\t\t\t\t<\/div>\r\n\t\t\t\t\t\t\t\t<div class='bookacti-forgotten-password-dialog-fields' >\r\n\t\t\t\t\t\t\t\t\t\t\t<div class='bookacti-field-container ' id='bookacti-forgotten-password-email-bookacti-form-field-login-2-form-1-66319008-container'>\r\n\t\t\t\t<input type='email' \r\n\t\t\t\tname='forgotten_password_email' \r\n\t\t\t\tvalue='' \r\n\t\t\t\tautocomplete='off'\r\n\t\t\t\tid='bookacti-forgotten-password-email-bookacti-form-field-login-2-form-1-66319008' \r\n\t\t\t\tclass='bookacti-input bookacti-forgotten-password-email' \r\n\t\t\t\t\t\t\tplaceholder='Votre adresse e-mail' \r\n\t\t\t\t\t\/>\r\n\t\t\t<\/div>\r\n\t\t\t\t\t\t\t\t\t<\/div>\r\n\t\t\t\t\t\t\t<\/div>\r\n\t\t\t\t\t\t\t\t\t\t\t<\/div>\r\n\t\t\t\t\t\t\t\t\t<\/div>\r\n\t\t\t\t\t\t\t\t<div class='bookacti-form-field-login-field-container bookacti-login-field-remember' id='bookacti-form-field-login-2-form-1-66319008-remember-container' data-field-name='remember' data-field-type='checkbox'>\r\n\t\t\t\t\t<div class='bookacti-form-field-label' >\r\n\t\t\t\t\t\t<label for='bookacti-form-field-login-2-form-1-66319008-remember'>\r\n\t\t\t\t\t\t\tSe souvenir de moi\t\t\t\t\t\t<\/label>\r\n\t\t\t\t\t\t\t\t\t\t<\/div>\r\n\t\t\t\t\t<div class='bookacti-form-field-content'>\r\n\t\t\t\t\t\t\t<div class='bookacti-onoffswitch' >\r\n\t\t\t\t\t\t<input type='hidden' name='remember' value='0' class='bookacti-onoffswitch-hidden-input'\/>\r\n\t\t\t\t\t\t<input type='checkbox' \r\n\t\t\t\t   name='remember'\r\n\t\t\t\t   id='bookacti-form-field-login-2-form-1-66319008-remember'\r\n\t\t\t\t   class='bookacti-input bookacti-onoffswitch-checkboxbookacti-form-field bookacti-remember' \r\n\t\t\t\t   autocomplete='off'\r\n\t\t\t\t   value='1' \r\n\t\t\t\t checked='checked'\t\t\t\/>\r\n\t\t\t\t\t\t<div class='bookacti-onoffswitch-knobs'><\/div>\r\n\t\t\t<div class='bookacti-onoffswitch-layer'><\/div>\r\n\t\t<\/div>\r\n\t\t\t\t\t\t\t<\/div>\r\n\t\t\t\t\t\t\t\t\t<\/div>\r\n\t\t\t\t\t\t\t<\/div>\r\n\t\t\t\t\t\t\t\t<div class='bookacti-register-fields' id='bookacti-form-field-login-2-form-1-66319008-register-fields' style='display:none;' >\r\n\t\t\t\t\t\t\t\t\t\t\t\t\t\t<div class='bookacti-form-field-login-field-container bookacti-login-field-first_name' id='bookacti-form-field-login-2-form-1-66319008-first_name-container' data-field-name='first_name' data-field-type='text'>\r\n\t\t\t\t\t\t\t\t\t\t\t\t\t\t\t\t\t\t\t<div class='bookacti-form-field-label' >\r\n\t\t\t\t\t\t\t\t\t\t\t<label for='bookacti-form-field-login-2-form-1-66319008-first_name' >\r\n\t\t\t\t\t\t\t\t\t\t\tPr\u00e9nom\t\t\t\t\t\t\t\t\t\t\t<\/label>\r\n\t\t\t\t\t\t\t\t\t\t\t\t\t\t\t\t\t\t\t\t<\/div>\r\n\t\t\t\t\t\t\t\t\t\t\t\t\t\t\t\t\t\t<div class='bookacti-form-field-content' >\r\n\t\t\t\t\t\t\t\t\t\t\t<input type='text' \r\n\t\t\t\tname='first_name' \r\n\t\t\t\tvalue='' \r\n\t\t\t\tautocomplete='off'\r\n\t\t\t\tid='bookacti-form-field-login-2-form-1-66319008-first_name' \r\n\t\t\t\tclass='bookacti-input bookacti-form-field bookacti-first_name' \r\n\t\t\t\t\t\t\tplaceholder='' \r\n\t\t\t\t\t\/>\r\n\t\t\t\t\t\t\t\t\t\t<\/div>\r\n\t\t\t\t\t\t\t\t\t\t\t\t\t\t\t\t\t<\/div>\r\n\t\t\t\t\t\t\t\t\t\t\t\t\t\t\t<div class='bookacti-form-field-login-field-container bookacti-login-field-last_name' id='bookacti-form-field-login-2-form-1-66319008-last_name-container' data-field-name='last_name' data-field-type='text'>\r\n\t\t\t\t\t\t\t\t\t\t\t\t\t\t\t\t\t\t\t<div class='bookacti-form-field-label' >\r\n\t\t\t\t\t\t\t\t\t\t\t<label for='bookacti-form-field-login-2-form-1-66319008-last_name' >\r\n\t\t\t\t\t\t\t\t\t\t\tNom\t\t\t\t\t\t\t\t\t\t\t<\/label>\r\n\t\t\t\t\t\t\t\t\t\t\t\t\t\t\t\t\t\t\t\t<\/div>\r\n\t\t\t\t\t\t\t\t\t\t\t\t\t\t\t\t\t\t<div class='bookacti-form-field-content' >\r\n\t\t\t\t\t\t\t\t\t\t\t<input type='text' \r\n\t\t\t\tname='last_name' \r\n\t\t\t\tvalue='' \r\n\t\t\t\tautocomplete='off'\r\n\t\t\t\tid='bookacti-form-field-login-2-form-1-66319008-last_name' \r\n\t\t\t\tclass='bookacti-input bookacti-form-field bookacti-last_name' \r\n\t\t\t\t\t\t\tplaceholder='' \r\n\t\t\t\t\t\/>\r\n\t\t\t\t\t\t\t\t\t\t<\/div>\r\n\t\t\t\t\t\t\t\t\t\t\t\t\t\t\t\t\t<\/div>\r\n\t\t\t\t\t\t\t\t\t\t\t\t<\/div>\r\n\t\t\t\t\t\t\t<div class='bookacti-form-field-login-field-container bookacti-login-field-submit-button' id='bookacti-form-field-login-2-form-1-66319008-submit-button' style='display:none;'>\r\n\t\t\t\t<input type='button' value='Se connecter' class='bookacti-login-button button' data-login-label='Se connecter' data-register-label='Inscription'\/>\r\n\t\t\t<\/div>\r\n\t\t\t\t\t<\/div>\r\n\t<\/div>\r\n\t\t<div class='bookacti-form-field-container bookacti-form-field-name-quantity bookacti-form-field-type-quantity bookacti-form-field-id-3' id='bookacti-form-field-quantity-3-form-1-66319008' data-field-name=\"quantity\" data-field-type=\"quantity\" data-field-id=\"3\">\n\t\t\t<div class='bookacti-form-field-label' >\n\t\t\t<label>\n\t\t\tQuantit\u00e9<span class=\"bookacti-required-field-indicator\" title=\"Champ obligatoire\"><\/span>\t\t\t<\/label>\n\t\t\t\t<\/div>\n\t\t\t<div class='bookacti-form-field-content' >\n\t\t\t\t<input type='hidden' name='quantity' class='bookacti-form-field bookacti-quantity' value='1' \/>\n\t\t\t<div class='bookacti-price-category-field-container' id='bookacti-form-field-quantity-3-form-1-66319008-price-category-container-1' data-price-category-id='1'>\n\t\t\t<div class='bookacti-form-field-label' >\n\t\t\t\t<label>\n\t\t\t\tAssurez vous d'avoir le nombre de cr\u00e9dits n\u00e9cessaires.\t\t\t\t<\/label>\n\t\t\t<\/div>\n\t\t\t<div class='bookacti-form-field-content' >\n\t\t\t\t\t<input type='number' \r\n\t\t\t\tname='price_categories[1]' \r\n\t\t\t\tvalue='0' \r\n\t\t\t\tautocomplete='off'\r\n\t\t\t\tid='5d5c595547316a66521d455984975d92' \r\n\t\t\t\tclass='bookacti-input bookacti-form-field bookacti-price-category' \r\n\t\t\t\t\t\t\tplaceholder='' \r\n\t\t\t\t\t\t\tmin='0' \r\n\t\t\t\tmax=''\r\n\t\t\t\tstep=''\r\n\t\t\t data-min=\"0\"\t\t\/>\r\n\t\t\t\t<\/div>\n\t\t\t\t\t<\/div>\n\t\t\t<\/div>\n\t<\/div>\n\t<div class='bookacti-form-field-container bookacti-form-field-name-booking_pass bookacti-form-field-type-booking_pass bookacti-form-field-id-11' id='bookacti-form-field-booking_pass-11-form-1-66319008' data-field-name=\"booking_pass\" data-field-type=\"booking_pass\" data-field-id=\"11\">\n\t\t\t<div class='bookacti-form-field-label' >\n\t\t\t<label>\n\t\t\tUtiliser un passe de r\u00e9servations<span class=\"bookacti-required-field-indicator\" title=\"Champ obligatoire\"><\/span>\t\t\t<\/label>\n\t\t\t\t<\/div>\n\t\t\t<div class='bookacti-form-field-content' >\n\t\t\t\t\n\t\t<span class='bapap-booking-pass-redeem-code-container'>\n\t\t\t\t<input type='text' \r\n\t\t\t\tname='booking_pass_redeem_code' \r\n\t\t\t\tvalue='' \r\n\t\t\t\tautocomplete='off'\r\n\t\t\t\tid='booking_pass_redeem_code_form-1-66319008' \r\n\t\t\t\tclass='bookacti-input bookacti-form-field bapap-booking-pass-redeem-code' \r\n\t\t\t\t\t\t\tplaceholder='Entrez un code d\u2019utilisation' \r\n\t\t\t\t\t\/>\r\n\t\t\t<\/span>\n\t\t\t\t<\/div>\n\t<\/div>\n\t<div class='bookacti-form-field-container bookacti-form-field-name-submit bookacti-form-field-type-submit bookacti-form-field-id-4' id='bookacti-form-field-submit-4-form-1-66319008' data-field-name=\"submit\" data-field-type=\"submit\" data-field-id=\"4\">\r\n\t\t<input type='submit' class='bookacti-submit-form button' value='R\u00e9server'\/>\r\n\t\t<input type='button' class='bookacti-new-booking-button button' value='Faire une nouvelle r\u00e9servation' style='display:none;'\/>\r\n\t<\/div>\r\n\t\t\t\t<div class='bookacti-notices' style='display:none;'><\/div>\n\t\t\t<\/form>\n\t\n\n\n\n<h2 class=\"wp-block-heading\">CompuOnLine<\/h2>\n\n\n\n<p>Voici le lien pour acc\u00e9der \u00e0 l&rsquo;espace destin\u00e9e aux s\u00e9ances en ligne :<\/p>\n\n\n\n<div class=\"wp-block-buttons is-layout-flex wp-block-buttons-is-layout-flex\">\n<div class=\"wp-block-button aligncenter is-style-outline is-style-outline--1\"><a class=\"wp-block-button__link has-white-color has-black-background-color has-text-color has-background wp-element-button\" href=\"https:\/\/app.vqvelocity.com\/join?s=g9afwh\" style=\"border-radius:13px\" target=\"_blank\" rel=\"noreferrer noopener\">Lien CompuOnline<\/a><\/div>\n<\/div>\n","protected":false},"excerpt":{"rendered":"<p>Espace de r\u00e9servations de s\u00e9ances en Studio. Pour vous inscrire, vous devez : Enfin, pour valider votre inscription \u00e0 une s\u00e9ance, il vous suffira de cliquer sur la ou les s\u00e9ances. Vous pourrez ainsi utiliser votre Pass&rsquo; qui s&rsquo;affichera automatiquement. Il se peut qu&rsquo;on vous offre un Pass&rsquo; avec des cr\u00e9dits. Il faudra alors utiliser [&hellip;]<\/p>\n","protected":false},"author":1,"featured_media":0,"parent":14083,"menu_order":0,"comment_status":"closed","ping_status":"closed","template":"","meta":{"footnotes":""},"class_list":["post-14091","page","type-page","status-publish","hentry"],"_links":{"self":[{"href":"https:\/\/www.monobjectifvelo.com\/index.php?rest_route=\/wp\/v2\/pages\/14091","targetHints":{"allow":["GET"]}}],"collection":[{"href":"https:\/\/www.monobjectifvelo.com\/index.php?rest_route=\/wp\/v2\/pages"}],"about":[{"href":"https:\/\/www.monobjectifvelo.com\/index.php?rest_route=\/wp\/v2\/types\/page"}],"author":[{"embeddable":true,"href":"https:\/\/www.monobjectifvelo.com\/index.php?rest_route=\/wp\/v2\/users\/1"}],"replies":[{"embeddable":true,"href":"https:\/\/www.monobjectifvelo.com\/index.php?rest_route=%2Fwp%2Fv2%2Fcomments&post=14091"}],"version-history":[{"count":491,"href":"https:\/\/www.monobjectifvelo.com\/index.php?rest_route=\/wp\/v2\/pages\/14091\/revisions"}],"predecessor-version":[{"id":20485,"href":"https:\/\/www.monobjectifvelo.com\/index.php?rest_route=\/wp\/v2\/pages\/14091\/revisions\/20485"}],"up":[{"embeddable":true,"href":"https:\/\/www.monobjectifvelo.com\/index.php?rest_route=\/wp\/v2\/pages\/14083"}],"wp:attachment":[{"href":"https:\/\/www.monobjectifvelo.com\/index.php?rest_route=%2Fwp%2Fv2%2Fmedia&parent=14091"}],"curies":[{"name":"wp","href":"https:\/\/api.w.org\/{rel}","templated":true}]}}